{"id":258,"date":"2020-06-12T15:14:22","date_gmt":"2020-06-12T15:14:22","guid":{"rendered":"https:\/\/zoppicristina.it\/?page_id=258"},"modified":"2026-01-29T10:06:13","modified_gmt":"2026-01-29T10:06:13","slug":"percorsi-nella-natura","status":"publish","type":"page","link":"https:\/\/zoppicristina.it\/?page_id=258","title":{"rendered":"PERCORSI NELLA NATURA"},"content":{"rendered":"<p>[et_pb_section fb_built=&#8221;1&#8243; fullwidth=&#8221;on&#8221; admin_label=&#8221;Page Header&#8221; _builder_version=&#8221;4.16&#8243; background_image=&#8221;https:\/\/zoppicristina.it\/wp-content\/uploads\/2020\/10\/testata01.jpg&#8221; parallax=&#8221;on&#8221; locked=&#8221;off&#8221; global_colors_info=&#8221;{}&#8221;][et_pb_fullwidth_header title=&#8221;PERCORSI NELLA NATURA&#8221; text_orientation=&#8221;center&#8221; button_one_url=&#8221;#&#8221; button_two_url=&#8221;#&#8221; admin_label=&#8221;Hero Section&#8221; _builder_version=&#8221;4.16&#8243; title_font=&#8221;|700|||||||&#8221; title_font_size=&#8221;60px&#8221; title_line_height=&#8221;1.4em&#8221; content_font_size=&#8221;22px&#8221; content_line_height=&#8221;1.8em&#8221; subhead_font=&#8221;||||&#8221; background_color=&#8221;rgba(255, 255, 255, 0)&#8221; custom_button_one=&#8221;on&#8221; button_one_text_size=&#8221;16px&#8221; button_one_bg_color=&#8221;#6eba01&#8243; button_one_border_width=&#8221;2px&#8221; button_one_border_color=&#8221;#6eba01&#8243; button_one_border_radius=&#8221;0&#8243; button_one_letter_spacing=&#8221;2&#8243; button_one_font=&#8221;Montserrat|||on|&#8221; button_one_use_icon=&#8221;off&#8221; custom_button_two=&#8221;on&#8221; button_two_text_size=&#8221;16px&#8221; button_two_border_width=&#8221;2px&#8221; button_two_border_color=&#8221;#ffffff&#8221; button_two_border_radius=&#8221;0&#8243; button_two_letter_spacing=&#8221;2&#8243; button_two_font=&#8221;Montserrat|||on|&#8221; button_two_use_icon=&#8221;off&#8221; module_alignment=&#8221;left&#8221; animation_style=&#8221;fade&#8221; button_one_text_color_hover=&#8221;#6eba01&#8243; button_two_text_color_hover=&#8221;#6eba01&#8243; button_one_border_color_hover=&#8221;#ffffff&#8221; button_two_border_color_hover=&#8221;#ffffff&#8221; button_one_border_radius_hover=&#8221;0&#8243; button_two_border_radius_hover=&#8221;0&#8243; button_one_letter_spacing_hover=&#8221;2&#8243; button_two_letter_spacing_hover=&#8221;2&#8243; button_one_bg_color_hover=&#8221;#ffffff&#8221; button_two_bg_color_hover=&#8221;#ffffff&#8221; global_colors_info=&#8221;{}&#8221; button_one_text_size__hover_enabled=&#8221;off&#8221; button_two_text_size__hover_enabled=&#8221;off&#8221; button_one_text_color__hover_enabled=&#8221;on&#8221; button_one_text_color__hover=&#8221;#6eba01&#8243; button_two_text_color__hover_enabled=&#8221;on&#8221; button_two_text_color__hover=&#8221;#6eba01&#8243; button_one_border_width__hover_enabled=&#8221;off&#8221; button_two_border_width__hover_enabled=&#8221;off&#8221; button_one_border_color__hover_enabled=&#8221;on&#8221; button_one_border_color__hover=&#8221;#ffffff&#8221; button_two_border_color__hover_enabled=&#8221;on&#8221; button_two_border_color__hover=&#8221;#ffffff&#8221; button_one_border_radius__hover_enabled=&#8221;on&#8221; button_one_border_radius__hover=&#8221;0&#8243; button_two_border_radius__hover_enabled=&#8221;on&#8221; button_two_border_radius__hover=&#8221;0&#8243; button_one_letter_spacing__hover_enabled=&#8221;on&#8221; button_one_letter_spacing__hover=&#8221;2&#8243; button_two_letter_spacing__hover_enabled=&#8221;on&#8221; button_two_letter_spacing__hover=&#8221;2&#8243; button_one_bg_color__hover_enabled=&#8221;on&#8221; button_one_bg_color__hover=&#8221;#ffffff&#8221; button_two_bg_color__hover_enabled=&#8221;on&#8221; button_two_bg_color__hover=&#8221;#ffffff&#8221;]<\/p>\n<p>&nbsp;<\/p>\n<p>&nbsp;<\/p>\n<p>[\/et_pb_fullwidth_header][\/et_pb_section][et_pb_section fb_built=&#8221;1&#8243; _builder_version=&#8221;4.16&#8243; background_enable_color=&#8221;off&#8221; background_enable_image=&#8221;off&#8221; background_size=&#8221;initial&#8221; global_colors_info=&#8221;{}&#8221;][et_pb_row column_structure=&#8221;2_5,3_5&#8243; _builder_version=&#8221;4.16&#8243; global_colors_info=&#8221;{}&#8221;][et_pb_column type=&#8221;2_5&#8243; _builder_version=&#8221;4.16&#8243; global_colors_info=&#8221;{}&#8221;][et_pb_image src=&#8221;https:\/\/zoppicristina.it\/wp-content\/uploads\/2020\/06\/ft_int_02.jpg&#8221; title_text=&#8221;ft_int_02&#8243; _builder_version=&#8221;4.16&#8243; global_colors_info=&#8221;{}&#8221;][\/et_pb_image][\/et_pb_column][et_pb_column type=&#8221;3_5&#8243; _builder_version=&#8221;4.16&#8243; global_colors_info=&#8221;{}&#8221;][et_pb_text _builder_version=&#8221;4.16&#8243; text_font=&#8221;Open Sans||||||||&#8221; text_text_color=&#8221;#000000&#8243; text_font_size=&#8221;16px&#8221; text_line_height=&#8221;2em&#8221; header_3_text_color=&#8221;#008ad2&#8243; locked=&#8221;off&#8221; global_colors_info=&#8221;{}&#8221;]<\/p>\n<h3><strong>PERCORSI NELLA NATURA<\/strong><\/h3>\n<p>[\/et_pb_text][et_pb_text _builder_version=&#8221;4.16&#8243; text_font=&#8221;Open Sans||||||||&#8221; text_text_color=&#8221;#000000&#8243; text_font_size=&#8221;16px&#8221; text_line_height=&#8221;1.6em&#8221; custom_margin=&#8221;||||false|false&#8221; locked=&#8221;off&#8221; global_colors_info=&#8221;{}&#8221;]<\/p>\n<p class=\"p1\">L\u2019Azienda Agricola biologica Zoppi Cristina, per scelta e per fortuna, si trova in cima ad una collina dolce e facilmente accessibile da diverse citt\u00e0 limitrofe.<\/p>\n<p class=\"p1\">Si possono fare passeggiate all\u2019 interno di boschi e nocciole fino alle nostre vigne di Barbera, Ruch\u00e9, Nebbiolo e Grignolino. Tutte le stagioni sono interessanti per scoprire fiori, animali e vegetazione sempre in cambiamento.<\/p>\n<p class=\"p1\">Le nostre passeggiate hanno come arrivi diversi vigneti come il Ruch\u00e9 della Pieve di San Marziano a Viarigi oppure il vigneto di Barbera del Madea.<\/p>\n<p class=\"p1\">Si possono fare incontri strani, teneri oppure anche un po\u2019 paurosi: cinghiali, caprioli e anche lupi\u2026 tutti con una grande paura per noi umani.<\/p>\n<p class=\"p1\">Le variet\u00e0 di fiori erbe, nebbie, sole cocente, freddo, ghiaccio e tramonti meravigliosi sono un importante incentivo e ci danno coraggio giorno dopo giorno.<\/p>\n<p class=\"p1\">Se verrete a trovarci vi faremo fare un piccolo viaggio nel nostro mondo e dopo in cantina ci saranno i nostri campioni ad aspettarci!<\/p>\n<p class=\"p1\"><em>Cristina<\/em><\/p>\n<p class=\"p1\">\n<p>[\/et_pb_text][\/et_pb_column][\/et_pb_row][\/et_pb_section][et_pb_section fb_built=&#8221;1&#8243; admin_label=&#8221;Features&#8221; _builder_version=&#8221;4.16&#8243; background_color=&#8221;#f9f5f1&#8243; locked=&#8221;off&#8221; global_colors_info=&#8221;{}&#8221;][et_pb_row _builder_version=&#8221;4.16&#8243; global_colors_info=&#8221;{}&#8221;][et_pb_column type=&#8221;4_4&#8243; _builder_version=&#8221;4.16&#8243; global_colors_info=&#8221;{}&#8221;][et_pb_image src=&#8221;https:\/\/zoppicristina.it\/wp-content\/uploads\/2020\/06\/winery-68.jpg&#8221; title_text=&#8221;winery-68&#8243; _builder_version=&#8221;4.16&#8243; global_colors_info=&#8221;{}&#8221;][\/et_pb_image][\/et_pb_column][\/et_pb_row][et_pb_row column_structure=&#8221;1_2,1_2&#8243; custom_padding_last_edited=&#8221;on|phone&#8221; _builder_version=&#8221;4.16&#8243; custom_padding=&#8221;|||30px|false|false&#8221; custom_padding_tablet=&#8221;|||0px|false|false&#8221; custom_padding_phone=&#8221;&#8221; global_colors_info=&#8221;{}&#8221;][et_pb_column type=&#8221;1_2&#8243; _builder_version=&#8221;4.16&#8243; global_colors_info=&#8221;{}&#8221;][et_pb_text _builder_version=&#8221;4.16&#8243; text_font=&#8221;Lora||||||||&#8221; text_line_height=&#8221;2em&#8221; header_3_font=&#8221;Open Sans|600|||||||&#8221; header_3_text_color=&#8221;#280400&#8243; header_3_font_size=&#8221;16px&#8221; header_3_line_height=&#8221;1.4em&#8221; custom_margin=&#8221;-320px||||false|false&#8221; custom_margin_tablet=&#8221;0px||||false|false&#8221; custom_margin_phone=&#8221;&#8221; custom_margin_last_edited=&#8221;on|tablet&#8221; custom_padding=&#8221;320px|30px|30px|30px|false|true&#8221; custom_padding_tablet=&#8221;30px||30px||true|true&#8221; custom_padding_phone=&#8221;20px|20px|20px|20px|true|true&#8221; custom_padding_last_edited=&#8221;on|phone&#8221; scroll_vertical_motion_enable=&#8221;on&#8221; scroll_vertical_motion=&#8221;0|50|50|100|1|0|-1&#8243; scroll_vertical_motion_tablet=&#8221;0|50|50|100|0|0|0&#8243; scroll_vertical_motion_phone=&#8221;&#8221; scroll_vertical_motion_last_edited=&#8221;on|tablet&#8221; border_width_all=&#8221;2px&#8221; border_color_all=&#8221;#280400&#8243; global_colors_info=&#8221;{}&#8221;]<\/p>\n<h3 class=\"p1\"><span class=\"s1\">Camminata n\u00b01 \u2013 Attraverso i sentieri di San Marziano<\/span><\/h3>\n<p class=\"p1\"><span class=\"s1\">Una delle aree prossime alla nostra azienda pi\u00f9 incantevoli e suggestive, in vari punti \u00e8 possibile ammirare paesaggi contornati da Boschi, Vigne e Noccioleti, nonch\u00e9 Apicolture e prati setosi. Il punto di partenza potr\u00e0 variare in base alla natura dell\u2019evento e della camminata. Dopo un breve riscaldamento la camminata comincer\u00e0, il gruppo dovr\u00e0 inizialmente passare da una zona pianeggiante ricca di noccioleti e prati, a una breve salit\u00e0 di media difficolt\u00e0 che permetter\u00e0 al gruppo di raggiungere un\u2019altura dove una delle nostre vigne in un punto panoramico. Chi vorr\u00e0 potr\u00e0 rifocillarsi oppure ammirare le aree rurali circostanti. Il cammino riprende, affrontando una serie di piccole salite e discese che descrivono la cresta della collina che si connette direttamente ad un bivio dal quale il gruppo potr\u00e0 raggiungere la nota Chiesa di San Marziano. Anche qui sorge una vigna, da noi gestita, che si posa su di una collina tappezzata di noccioleti e boschetti ricchi di animali selvatici ed uccelli, che talvolta accompagnano chiunque si approcci alle nostre campagne: turisti, contadini a persino ciclisti. In questo luogo di pace e calma, dopo aver ammirato la Pieve Romanica di San Marziano ed esserrsi nuovamente rifocillati, comincer\u00e0 il percorso a ritroso, il gruppo cos\u00ec ritorner\u00e0 al punto di partenza.<\/span><\/p>\n<p class=\"p1\"><span class=\"s1\">La camminata terminer\u00e0 con un piccolo defaticamento sul posto e verr\u00e0 seguita dalla tappa enogastronomica che dar\u00e0 a tutti l\u2019opportunit\u00e0 di ricaricarsi dalle calorie momentaneamente perse, parola di imprenditrice!<\/span><\/p>\n<p class=\"p2\"><span class=\"s1\">Cris<\/span><\/p>\n<p>[\/et_pb_text][\/et_pb_column][et_pb_column type=&#8221;1_2&#8243; _builder_version=&#8221;4.16&#8243; global_colors_info=&#8221;{}&#8221;][et_pb_text _builder_version=&#8221;4.16&#8243; text_font=&#8221;Lora||||||||&#8221; text_line_height=&#8221;2em&#8221; header_3_font=&#8221;Open Sans|600|||||||&#8221; header_3_text_color=&#8221;#280400&#8243; header_3_font_size=&#8221;16px&#8221; header_3_line_height=&#8221;1.4em&#8221; custom_margin=&#8221;-320px||||false|false&#8221; custom_margin_tablet=&#8221;0px||||false|false&#8221; custom_margin_phone=&#8221;&#8221; custom_margin_last_edited=&#8221;on|tablet&#8221; custom_padding=&#8221;320px|30px|30px|30px|false|true&#8221; custom_padding_tablet=&#8221;30px||30px||true|true&#8221; custom_padding_phone=&#8221;20px|20px|20px|20px|true|true&#8221; custom_padding_last_edited=&#8221;on|phone&#8221; scroll_vertical_motion_enable=&#8221;on&#8221; scroll_vertical_motion=&#8221;0|50|50|100|1|0|-1&#8243; scroll_vertical_motion_tablet=&#8221;0|50|50|100|0|0|0&#8243; scroll_vertical_motion_phone=&#8221;&#8221; scroll_vertical_motion_last_edited=&#8221;on|tablet&#8221; border_width_all=&#8221;2px&#8221; border_color_all=&#8221;#280400&#8243; global_colors_info=&#8221;{}&#8221;]<\/p>\n<h3 class=\"p1\" style=\"text-align: justify;\"><span class=\"s1\">Camminata n\u00b02 \u2013 Il Madea<\/span><\/h3>\n<p class=\"p1\" style=\"text-align: justify;\"><span class=\"s1\">Prende il nome da una cascina adiacente, cos\u00ec denominata dai contadini che in dialetto locale, il piemontese, l\u2019hanno sempre chiamata: \u201c<i>Il Madea<\/i>\u201d. Diversamente dal primo percorso, quest\u2019opzione prevede un percorso pi\u00f9 pianeggiante e facile da percorrere. Il percorso si sviluppa su una strada di campagna che parte direttamente da una nostra vigna, un appezzamento di vitigno:\u201d Ruch\u00e8\u201d. Un piccolo riscaldamento in loco verr\u00e0 seguito dalla camminata stessa, il gruppo inizialmente avr\u00e0 modo di procedere attraverso zone prossime boschive ed incolte, aprezzando nuovamente i canti degli uccelli ed il fruscio delle foglie, se si \u00e8 fortunati, sar\u00e0 possibile anche notare in lontanaza o negli appezzamenti lungo il percorso, alcune specie animali pi\u00f9 comuni, ad esempio minilepri o cinghiali. Dopo aver proseguito attraverso un tratto in leggera salita circondato da piante di nocciole, un prodotto tipico della nostra cultura piemontese. In alcuni dei nostri appezzamenti di noccioleto si avr\u00e0 modo di apprezzare e talvolta toccare con mano quanto duro ed estenuante coltivare nocciole in modo totalmente biologico, senza alcun pesticida, in cui sempre \u00e8 necessaria la forza lavoro ed il sudore. Giunti alla nostra vigna, soprannominata come il cammino stesso: \u201cMadea\u201d, avrete modo di osservare la bellezza di questa zona relativamente pianeggiante, frutto di sacrificio ed anni di lavoro e di investimenti. Una piccola pausa, una descrizione della vigna e del vitigno per dare modo al gruppo di riposarsi e rifocillarsi, per poi proseguire a ritroso, tornando al punto di partenza. Qui un momento di stretching opzionale per tutti verr\u00e0 seguito dal trasporto in azienda, talvolta, in base alla natura dell\u2019evento, l\u2019Azienda stessa verr\u00e0 raggiunta a piedi, ammirando non uno ma ben due anfiteatri naturali, creati da mio marito attraverso il suo tocco certosino di due dei nostri pi\u00f9 grandi e suggestivi appezzamenti, soprannominati rispettivamente: Bricket e Capisana. Dopodich\u00e8, sar\u00e0 ora del tanto amato assaggio enogastronomico dell\u2019Azienda, con il quale avremo modo di conoscerci ancor meglio e degustare i nostri prodotti insieme. <\/span><\/p>\n<p class=\"p1\" style=\"text-align: justify;\"><span class=\"s1\">Con la speranza di incontrarci ancora, un saluto inebriante\u2026Cris<\/span><\/p>\n<p>[\/et_pb_text][\/et_pb_column][\/et_pb_row][\/et_pb_section]<\/p>\n","protected":false},"excerpt":{"rendered":"<p>&nbsp; &nbsp;PERCORSI NELLA NATURAL\u2019Azienda Agricola biologica Zoppi Cristina, per scelta e per fortuna, si trova in cima ad una collina dolce e facilmente accessibile da diverse citt\u00e0 limitrofe. Si possono fare passeggiate all\u2019 interno di boschi e nocciole fino alle nostre vigne di Barbera, Ruch\u00e9, Nebbiolo e Grignolino. Tutte le stagioni sono interessanti per scoprire [&hellip;]<\/p>\n","protected":false},"author":1,"featured_media":0,"parent":0,"menu_order":0,"comment_status":"closed","ping_status":"closed","template":"","meta":{"_et_pb_use_builder":"on","_et_pb_old_content":"","_et_gb_content_width":"","ngg_post_thumbnail":0,"footnotes":""},"class_list":["post-258","page","type-page","status-publish","hentry"],"_links":{"self":[{"href":"https:\/\/zoppicristina.it\/index.php?rest_route=\/wp\/v2\/pages\/258","targetHints":{"allow":["GET"]}}],"collection":[{"href":"https:\/\/zoppicristina.it\/index.php?rest_route=\/wp\/v2\/pages"}],"about":[{"href":"https:\/\/zoppicristina.it\/index.php?rest_route=\/wp\/v2\/types\/page"}],"author":[{"embeddable":true,"href":"https:\/\/zoppicristina.it\/index.php?rest_route=\/wp\/v2\/users\/1"}],"replies":[{"embeddable":true,"href":"https:\/\/zoppicristina.it\/index.php?rest_route=%2Fwp%2Fv2%2Fcomments&post=258"}],"version-history":[{"count":8,"href":"https:\/\/zoppicristina.it\/index.php?rest_route=\/wp\/v2\/pages\/258\/revisions"}],"predecessor-version":[{"id":404,"href":"https:\/\/zoppicristina.it\/index.php?rest_route=\/wp\/v2\/pages\/258\/revisions\/404"}],"wp:attachment":[{"href":"https:\/\/zoppicristina.it\/index.php?rest_route=%2Fwp%2Fv2%2Fmedia&parent=258"}],"curies":[{"name":"wp","href":"https:\/\/api.w.org\/{rel}","templated":true}]}}